to base 8
-1
Convert -18 (base 16) to base 14.
-1a
What is -56 (base 12) in base 5?
-231
What is -8 (base 16) in base 7?
-11
-13 (base 11) to base 15
-e
Convert -2 (base 16) to base 11.
-2
What is -32 (base 4) in base 6?
-22
What is 2 (base 9) in base 8?
2
Convert -100111 (base 2) to base 7.
-54
Convert 94 (base 16) to base 6.
404
What is 2 (base 3) in base 12?
2
1010 (base 2) to base 6
14
Convert 110 (base 2) to base 10.
6
What is 0 (base 16) in base 3?
0
What is -5 (base 11) in base 16?
-5
Convert -1 (base 9) to base 8.
-1
What is 22 (base 4) in base 6?
14
What is -14 (base 10) in base 16?
-e
-10 (base 6) to base 14
-6
What is 103 (base 4) in base 3?
201
What is 7 (base 12) in base 14?
7
-23 (base 6) to base 4
-33
What is 1a5 (base 11) in base 10?
236
Convert -4 (base 10) to base 5.
-4
What is 65 (base 9) in base 3?
2012
Convert 3 (base 10) to base 16.
3
Convert -123 (base 4) to base 14.
-1d
Convert -51 (base 9) to base 13.
-37
Convert -1c (base 15) to base 12.
-23
23 (base 9) to base 6
33
436 (base 7) to base 16
df
Convert 24 (base 9) to base 16.
16
-21 (base 9) to base 7
-25
132 (base 6) to base 9
62
-2a (base 15) to base 16
-28
What is 0 (base 7) in base 15?
0
Convert 34 (base 12) to base 6.
104
Convert 1e (base 15) to base 14.
21
What is 5 (base 8) in base 6?
5
Convert 122 (base 4) to base 14.
1c
Convert 18 (base 9) to base 4.
101
37 (base 14) to base 13
3a
22 (base 4) to base 3
101
Convert -23 (base 12) to base 13.
-21
What is 56 (base 12) in base 5?
231
What is -4 (base 10) in base 2?
-100
What is -3 (base 6) in base 4?
-3
101 (base 2) to base 14
5
-28 (base 16) to base 10
-40
Convert -104 (base 5) to base 14.
-21
What is -1000 (base 2) in base 3?
-22
6c (base 13) to base 7
156
What is 11 (base 5) in base 6?
10
-44 (base 15) to base 5
-224
12 (base 12) to base 9
15
Convert -24 (base 6) to base 13.
-13
What is -4 (base 11) in base 2?
-100
What is 30 (base 14) in base 6?
110
What is 2 (base 12) in base 13?
2
Convert 1 (base 3) to base 16.
1
-11 (base 10) to base 15
-b
Convert 4 (base 12) to base 16.
4
-45 (base 16) to base 4
-1011
13 (base 12) to base 11
14
What is -4 (base 6) in base 15?
-4
Convert -5 (base 7) to base 8.
-5
What is 22 (base 9) in base 4?
110
8 (base 14) to base 2
1000
What is -32 (base 8) in base 15?
-1b
Convert -68 (base 13) to base 5.
-321
-2 (base 3) to base 8
-2
-23 (base 4) to base 7
-14
Convert 6 (base 13) to base 7.
6
-3 (base 12) to base 10
-3
What is -1 (base 13) in base 14?
-1
-3 (base 12) to base 14
-3
What is -2 (base 10) in base 9?
-2
What is -1 (base 5) in base 11?
-1
-52 (base 15) to base 5
-302
4 (base 11) to base 15
4
Convert -24 (base 5) to base 12.
-12
51 (base 10) to base 15
36
What is 0 (base 9) in base 11?
0
Convert -1001 (base 2) to base 6.
-13
-102 (base 3) to base 9
-12
1101 (base 3) to base 4
211
What is 2 (base 16) in base 4?
2
Convert 3 (base 12) to base 2.
11
Convert 9 (base 16) to base 11.
9
What is 188 (base 10) in base 7?
356
What is -1 (base 12) in base 14?
-1
What is 4b (base 16) in base 11?
69
-9a (base 11) to base 13
-85
1a (base 13) to base 7
32
-3 (base 9) to base 6
-3
-8 (base 13) to base 11
-8
What is -101 (base 2) in base 3?
-12
What is -7 (base 12) in base 10?
-7
Convert -3 (base 9) to base 6.
-3
-35 (base 9) to base 3
-1012
What is 0 (base 16) in base 4?
0
What is -5 (base 13) in base 6?
-5
What is 47 (base 12) in base 8?
67
-12 (base 12) to base 9
-15
Convert -1 (base 13) to base 16.
-1
2 (base 13) to base 10
2
Convert 0 (base 13) to base 5.
0
What is -71 (base 10) in base 14?
-51
Convert -201 (base 3) to base 8.
-23
Convert 1 (base 11) to base 3.
1
What is -95 (base 13) in base 9?
-145
What is -60 (base 15) in base 8?
-132
What is 5 (base 9) in base 7?
5
Convert 10 (base 3) to base 8.
3
Convert 2213 (base 4) to base 13.
cb
-46 (base 11) to base 13
-3b
What is -5c (base 15) in base 13?
-69
Convert 0 (base 5) to base 12.
0
-3 (base 11) to base 3
-10
Convert -1 (base 16) to base 12.
-1
24 (base 7) to base 15
13
115 (base 9) to base 14
6b
-100011 (base 2) to base 3
-1022
0 (base 3) to base 9
0
Convert 1 (base 11) to base 7.
1
Convert -2 (base 14) to base 15.
-2
10 (base 3) to base 4
3
What is 195 (base 10) in base 6?
523
-12a (base 11) to base 5
-1103
What is 15 (base 7) in base 8?
14
What is 51 (base 8) in base 7?
56
What is -42 (base 5) in base 10?
-22
Convert -1 (base 14) to base 9.
-1
Convert -21 (base 3) to base 5.
-12
Convert -304 (base 5) to base 14.
-59
Convert 55 (base 11) to base 12.
50
What is -da (base 16) in base 12?
-162
What is 0 (base 14) in base 10?
0
2 (base 8) to base 12
2
-112 (base 3) to base 15
-e
Convert -10 (base 2) to base 14.
-2
Convert 267 (base 9) to base 3.
22021
3 (base 10) to base 16
3
Convert 21 (base 8) to base 3.
122
What is 101 (base 4) in base 6?
25
Convert 0 (base 13) to base 12.
0
What is 302 (base 8) in base 11?
167
10 (base 6) to base 10
6
0 (base 8) to base 13
0
-24 (base 6) to base 14
-12
401 (base 7) to base 5
1242
Convert 5 (base 12) to base 3.
12
64 (base 7) to base 9
51
What is -8 (base 11) in base 5?
-13
Convert -32 (base 9) to base 12.
-25
What is 1 (base 3) in base 9?
1
What is -117 (base 14) in base 11?
-188
-132 (base 4) to base 3
-1010
Convert -1 (base 13) to base 2.
-1
What is -6 (base 7) in base 9?
-6
-8 (base 12) to base 5
-13
What is -100 (base 2) in base 15?
-4
Convert 1100 (base 2) to base 3.
110
7 (base 9) to base 13
7
What is -1 (base 15) in base 2?
-1
Convert 243 (base 9) to base 6.
533
What is 0 (base 9) in base 3?
0
Convert -15 (base 13) to base 8.
-22
-4 (base 13) to base 14
-4
-10111 (base 2) to base 6
-35
Convert -6 (base 16) to base 3.
-20
14 (base 11) to base 15
10
What is -4 (base 9) in base 7?
-4
Convert -aa (base 15) to base 3.
-12221
Convert -2 (base 10) to base 5.
-2
Convert 6 (base 8) to base 9.
6
What is -100 (base 2) in base 7?
-4
Convert 1044 (base 5) to base 7.
302
What is 10 (base 4) in base 6?
4
What is -1022 (base 3) in base 4?
-203
What is 10022 (base 3) in base 12?
75
Convert 47 (base 15) to base 7.
124
-41 (base 9) to base 7
-52
Convert -137 (base 11) to base 5.
-1121
What is 4 (base 9) in base 6?
4
-5 (base 15) to base 10
-5
Convert 2a (base 11) to base 13.
26
-10 (base 2) to base 14
-2
Convert -5 (base 12) to base 16.
-5
-2 (base 4) to base 5
-2
100 (base 8) to base 4
1000
What is 8 (base 14) in base 13?
8
1 (base 16) to base 13
1
What is 5 (base 14) in base 3?
12
Convert 86 (base 15) to base 14.
90
What is -10 (base 16) in base 12?
-14
Convert 2 (base 15) to base 2.
10
What is 10 (base 7) in base 11?
7
What is -101 (base 3) in base 2?
-1010
Convert -1 (base 3) to base 5.
-1
What is 4 (base 10) in base 15?
4
-138 (base 16) to base 11
-264
Convert 0 (base 13) to base 2.
0
What is 3 (base 8) in base 4?
3
What is c7 (base 13) in base 3?
20001
Convert 3 (base 7) to base 4.
3
-3 (base 8) to base 10
-3
f (base 16) to base 13
12
What is 2 (base 3) in base 11?
2
What is 7 (base 12) in base 9?
7
What is -2 (base 6) in base 8?
-2
What is -27 (base 8) in base 7?
-32
Convert 87 (base 9) to base 5.
304
Convert -b (base 13) to base 3.
-102
Convert 20 (base 14) to base 16.
1c
Convert -17 (base 10) to base 7.
-23
-121 (base 4) to base 2
-11001
6 (base 7) to base 13
6
What is 3 (base 14) in base 8?
3
What is -4 (base 11) in base 14?
-4
What is -5 (base 6) in base 9?
-5
What is -ac (base 14) in base 11?
-129
Convert -1b (base 15) to base 14.
-1c
2 (base 12) to base 15
2
What is 124 (base 10) in base 13?
97
-1112 (base 4) to base 8
-126
What is 13 (base 4) in base 13?
7
What is 11 (base 8) in base 7?
12
-1 (base 12) to base 13
-1
What is 3 (base 13) in base 7?
3
Convert -132 (base 6) to base 9.
-62
2 (base 12) to base 8
2
What is 1344 (base 5) in base 6?
1012
-3 (base 16) to base 13
-3
11 (base 2) to base 15
3
What is -11010 (base 3) in base 14?
-7d
Convert 31 (base 11) to base 8.
42
Convert 1d (base 15) to base 5.
103
What is 48 (base 16) in base 2?
1001000
Convert 45 (base 9) to base 12.
35
Convert -10001 (base 3) to base 8.
-122
What is -2 (base 9) in base 6?
-2
-1011 (base 2) to base 16
-b
What is 3 (base 16) in base 11?
3
What is 17 (base 13) in base 9?
22
What is -3 (base 4) in base 6?
-3
What is 44 (base 6) in base 13?
22
Convert -30 (base 15) to base 12.
-39
What is 113 (base 5) in base 6?
53
7 (base 